3665 - 3671. Give r(a).
-1
Let f(q) = 46*q**2 - 10*q + 8. Let o(h) = 55*h**2 - 11*h + 8. Let i(n) = 6*f(n) - 5*o(n). Give i(7).
22
Let l be 3/2 - 27/(-18) - 2. Let u(i) = -4 - 3*i + i**3 - l - 1 + 7*i**2 - 2. Calculate u(-7).
13
Let l be -7*(-1)/9 - 132/(-594). Suppose -p = 2*r + 4, -4*r + 3*p - 9 = -3*r. Let i(m) = 6*m. Let o(v) = -v. Let d(u) = r*o(u) + i(u). What is d(l)?
9
Let x = 22472 + -22472. Let a(b) = b**3 + b**2 - 4*b - 11. What is a(x)?
-11
Let n(s) = -2*s. Let i = 4208 + -4221. What is n(i)?
26
Suppose -5*f + 4*x = -30, 5*x = -4*f - f + 75. Let k(n) = 3*n**2 + 8*n - 39. Let s(z) = 2*z**2 + 9*z - 33. Let p(d) = -3*k(d) + 4*s(d). Calculate p(f).
5
Let j(m) = m**2 - 26*m - 29. Let f be (-20 + 12 - -18)*(-84)/(-30). Calculate j(f).
27
Let u be ((765/12)/17)/((-6)/(-56)). Suppose -5*s = -5*b - u, -3*b + s = 2*s + 21. Let m(i) = 2 + 2*i**2 - 1 + 9*i - i**2. Give m(b).
-13
Suppose 318 + 522 = 120*j. Let q(t) be the third derivative of -t**4/24 + 13*t**3/6 + t**2. Give q(j).
6
Let k(s) = 7*s**3 + 2*s - 2. Let y(d) = d**3 + d**2 + 1. Let w(x) = -k(x) + 6*y(x). Let f be ((-136)/(-22) - 0) + 396/(-2178). Determine w(f).
-4
Let p(o) = 2*o**2 - o + 1. Let y(w) = 39*w**2 - 2*w + 5. Let h(r) = -4*p(r) + y(r). Suppose -12*n + 13*n - 5 = 5*g, 2*g = -4*n - 2. Calculate h(g).
30
Let r be (((-27)/(-36))/(-3)*2)/(1/(-6)). Let i(d) = d - 6. Calculate i(r).
-3
Let u(a) = 2*a + 12. Suppose 5*z - 19*k = -21*k - 7, 3 = -5*z - 3*k. What is u(z)?
6
Let r = 240 - 232. Let n(y) = -14*y**2 + 4 + 24*y**2 - y**3 - 11*y + r. Calculate n(9).
-6
Suppose -7*l + 32 = l. Suppose 7*x - 15 = l*x, 15 = -5*h + 3*x. Let v(p) = 4*p**2 + h - 40*p - 4 + 41*p - p**3. What is v(4)?
0
Let q(a) be the third derivative of -28*a**2 + 0 + 2/3*a**3 + 1/120*a**6 - 3/20*a**5 + 2*a + 1/3*a**4. What is q(8)?
4
Suppose -n = -34*n + 2112. Suppose -88*c + 72*c = n. Let r(d) be the third derivative of d**6/120 + d**5/20 - d**4/4 - d**3/3 + d**2. Calculate r(c).
6
Let a(k) = -212*k - 110*k**2 + 56*k**2 + 57*k**2 + 202*k - 7. Give a(-1).
6
Let w(j) = 10*j + 12*j + 4952*j**3 + 9 - 4951*j**3 - 66 + 13*j**2 + 13*j**2. What is w(-25)?
18
Suppose -50 = -3*p - 20. Suppose c - p = -2. Let z be 2*(c/(-4) + 3). Let w(r) = -2*r + 1. Determine w(z).
-3
Suppose 2*n - 4*f - 6 = 0, -f - 6 + 3 = -n. Let g = n + -8. Let y(t) = -6*t**2 - 240*t**3 - 6*t + 126*t**3 - 7 + 0 + 113*t**3. What is y(g)?
-2
Let k(b) be the second derivative of 13*b**3/3 + 46*b**2 + 1825*b. Calculate k(-4).
-12
Let t(g) = 5*g. Let y be t(-1). Let x(w) = -204*w + 613*w - 204*w + 153 - 204*w - 155. Calculate x(y).
-7
Let m(j) be the second derivative of -j**3/6 - 7*j**2/2 - 3281*j. Suppose -5*y = 5*o - 20, -6*y + 2*y + 4*o - 16 = 0. Give m(y).
-7
Suppose 3553 = -38*f + 1843. Let k(o) = o**2 + 56*o + 500. Calculate k(f).
5
Let b(l) = -l**2 + 8*l - 6. Let t(m) = -m**2 - 8*m - 5. Let x be t(-6). Let u be b(x). Let s(d) be the first derivative of d**3 + d - 7374. What is s(u)?
4
Suppose -9 = 5*f + 61. Let o = 22 + f. Let g(c) = c**3 - 4*c**2 - 6*c - 13. Let l(j) = -j**2 + 1. Let q(p) = g(p) + 3*l(p). What is q(o)?
6
Let x(f) = 5*f**2 - 12*f. Let l = -1 + 19. Suppose n = -2*n - l. Let g(w) = -9*w**2 + 23*w. Let a(k) = n*g(k) - 11*x(k). Give a(-6).
0
Suppose -j - 9 = -4*j - 3*c, -28 = -4*j + 4*c. Let l(u) be the first derivative of u**4/4 - 4*u**3/3 - 2*u + 5899. Calculate l(j).
23
Let o be 0 - (-5 - (-3 - 0)). Let j(x) = -o + x - 2 + 2. Suppose -8*a = 27 - 51. What is j(a)?
1
Let s(z) be the second derivative of z**3/6 - 15*z**2/2 - 1010*z - 2. Calculate s(8).
-7
Let m(v) be the first derivative of -v**4/12 - v**3/2 - v**2/2 - 20*v - 2. Let c(z) be the first derivative of m(z). Suppose 10*r - 32 = 26*r. Give c(r).
1
Suppose c = -3 - 1, 0 = 2*l + 5*c + 294. Let r = l + 133. Let w(i) = i**2 - 2*i + 4. Calculate w(r).
28
Suppose 14*s - 13*s = 5*n - 26, 0 = -4*s - 4*n - 8. Let v(x) = -3. Let l(a) = 2*a - 15. Let i(w) = s*v(w) + l(w). Calculate i(-2).
-1
Suppose 0 = -123*r + 133*r - 10. Let s be (2 + 0)*r*1/(-2). Let p(z) = 22*z**3 + z**2 + z. Give p(s).
-22
Let o(h) = 2016*h**2 - 1 - 464*h**2 - 469*h**2 - 487*h**2 - 520*h**2. Give o(-1).
75
Suppose y = -4*u - 22, y + 0*u - 6 = 3*u. Let j(v) = -2 - 14 - v - 5 + 4. What is j(y)?
-11
Suppose -45 + 9 = -4*c + 2*n, 2*n = c - 6. Let p(l) = -l**2 + 8*l + 24. Calculate p(c).
4
Let t(i) = -11*i**2 + 4*i - 5. Suppose 64*h + 45*h - 436 = 0. Give t(h).
-165
Let j(v) = v**3 + 9*v**2 + v + 3. Let t(g) = g**3 - 12*g**2 - 3*g + 36. Let b be t(12). Suppose -m + 2*m + 2*k + 17 = b, -3*k + 15 = -3*m. What is j(m)?
-6
Let g(o) = 10*o**3 - 3*o**2 + o. Suppose -b + 3 = 2 - 1. What is g(b)?
70
Let j(d) be the third derivative of 3*d**4/8 - 6*d**3 + 154*d**2. Let a be j(4). Let f(k) = -k**3 + k**2 + 4. Give f(a).
4
Let p(z) = -13*z - 1. Suppose -s - 4*f - 8 = 0, -3 = 4*f + 9. What is p(s)?
-53
Let p(z) = -z**2 - 19*z + 1. Let m be p(-20). Let r = m - -28. Let i be -4 - r/(27/(-6)). Let b(t) = 5*t. Calculate b(i).
-10
Let c be (-2)/((-2)/(-3)) + 40/4. Suppose c*k - 2167 = 738. Let p(l) = -2*l**3 + k*l + 2 - 415*l. Determine p(-2).
18
Suppose 4*h = -27 + 15. Let k be (1 + (-1 - 3))/(h/2). Let o(q) = q + q - 6*q + k*q - 7. Calculate o(-6).
5
Suppose -16*y + 4*y - 5*m = -113, -4*m + 40 = 4*y. Let a(r) = -r**2 + 9*r + 7. Calculate a(y).
7
Let a(v) = -v**3 + 15*v**2 - 17*v + 39. Let l be (-55)/(-4) + (189/(-28) - -9) + -2. What is a(l)?
-3
Let u be 2/(5/(5 - 0)). Let h(x) = -106 - 7*x**3 + 4*x**u - 5*x + 8*x**3 + 108. Calculate h(-4).
22
Let a(u) = -u - 4*u + 0 - 3. Let g = -34007 - -34011. Give a(g).
-23
Let n(d) = -15*d**2 + 6*d - 25. Let c(f) = 98*f**2 - 36*f + 149. Let g(r) = -2*c(r) - 13*n(r). Give g(6).
-45
Let r(y) be the second derivative of y**3/2 - y**2/2 + 3*y. Let c(w) = -5*w**2 + 30*w**3 - 31*w**3 + w + w**2 + 1. Let o be c(-4). What is r(o)?
-10
Let c(y) be the first derivative of -y**2 + y + 1. Let b = -4849 + 4849. Give c(b).
1
Suppose 4*x - 3 = m - 39, 2*x + 16 = m. Let g(c) = c**3 + 10*c**2 + 5*c + 45. Give g(x).
-5
Let a(j) be the third derivative of 11*j**4/8 - 5*j**3/6 - 7*j**2 - 93. Calculate a(4).
127
Let q(w) be the third derivative of w**6/40 - w**5/10 + w**4/6 - w**3/2 + 2*w**2 + 154. What is q(2)?
5
Let y(o) = -o**2 - 10*o - 9. Suppose 330*u = 354*u + 120. Give y(u).
16
Let y(o) = -9*o + 1707 - 736 - 669 - 689. What is y(-42)?
-9
Let c = 31 + -22. Suppose -3*b + 3*t - c = -30, -4*t = 16. Let d(o) = 3 + o**b + 6*o + 3*o**2 - 3*o + 4 + 3*o**2. What is d(-6)?
-11
Let f(b) = b**3 + 5*b**2 - 7*b - 4. Let d(c) = c**2 + 7*c - 42. Let m be d(-11). Suppose -3*w - 28 = 2*w - 2*a, -4*a = -m*w - 8. Determine f(w).
2
Let q(f) = f**3 + 6*f**2 + 4*f + 8. Suppose -m + 11 = 3*a - a, a - 2*m - 18 = 0. Suppose 25*t - a = -158. What is q(t)?
-16
Let o(a) be the second derivative of a**2 + 1/12*a**4 + a + 0 + a**3. Let i(w) = -w**2 + 6*w - 4. Let g be i(6). Calculate o(g).
-6
Suppose -11*d - 4 = 4*l - 6*d, 5*d = 0. Let z(t) = 12*t + 11. Determine z(l).
-1
Let i(v) = 25*v - 19. Suppose -2000*f = -2010*f + 10. Calculate i(f).
6
Let s(p) = 369*p**3 - 220 + 173 - 370*p**3 - 7*p**2 - 14*p**2 + 20*p. What is s(-22)?
-3
Let l(f) = -268*f**2 - 15*f + 4. Let p(h) = -103*h**2 - 6*h + 2. Let s(c) = 5*l(c) - 13*p(c). Let a = 2 - 1. Let n be a/((-1)/(0 - 6)). Determine s(n).
-24
Let l(f) be the third derivative of f**6/120 + 17*f**5/60 + 17*f**4/24 - 11*f**3/3 + 300*f**2 + 3*f. Calculate l(-16).
-38
Let z(s) = -s**2 + 18*s + 84. Let m(n) = -2*n**2 + 34*n + 168. Let p(j) = -6*m(j) + 11*z(j). What is p(12)?
-12
Suppose -4 = 5*i + o, -2*i + o + 0 = 10. Let v(h) = -3*h**3 + 3*h**2 - 5*h - 19. Calculate v(i).
27
Let n(t) = -t**2 - t + 8. Let b(r) = -r**3 + 4*r**2 - r. Let f be b(3). Let j(a) = -a**2 + 30. Let p be j(f). Give n(p).
-22
Let y = -321 + 267. Let p be (-2)/(72/y*3/(-14)). Let a(w) = -w**3 - 7*w**2 + w. What is a(p)?
-7
Let q(s) = -s**3 - 19*s**2 + 22*s + 39. Let k = -8540 - -8520. What is q(k)?
-1
Let l(r) = 2*r**3 - 24 + 18*r + 13*r + 2*r**2 - 13*r**2 - 20*r. Determine l(5).
6
Let v(s) = 43*s - 423. Let f be v(10). Let h(q) = -q**3 + 7*q**2 - 2*q + 3. What is h(f)?
-11
Let r be 7/(-14) + (-2)/4 + 2. Let j(q) = r - 1 + 1 - q**3 - 5*q**2. Let v be ((-3 - -1)*6/(-3))/(-1). What is j(v)?
-15
Suppose b - r = -20, -4*b - 65 = 